alse
Suppose 0*x - x + 8 = 0. Let w(k) = 204*k**2 + 11*k. Let l be w(5). Suppose -x*p + l = -2613. Is p composite?
False
Suppose -2*a = -2*b - 30786, -15*b = -14*b + 2. Is a a composite number?
False
Let y be (4 - 8) + 8*2. Let s(f) = y*f**2 - 11 - 14*f**3 + 11*f**3 + 2*f**3 - 13*f. Is s(6) prime?
True
Let s = 145 - 65. Let y = 752 - 549. Let f = y - s. Is f composite?
True
Suppose y = -3*y + 24628. Suppose 4*j + y = m - 7418, j = -3*m + 40738. Is m prime?
False
Let v = -1910 - -4739. Suppose 0 = -5*x + 4*u - v + 520, 2 = 2*u. Let d = 1134 + x. Is d a composite number?
False
Suppose 3*j - 3*f - 211860 = 0, -3*j + 56*f - 57*f = -211856. Is j a composite number?
False
Let w be 29/9 + 12/(-54). Suppose -4*v = -w*v + 3, -4*v = -5*q - 33. Is q/(-24) + (-5295)/(-24) prime?
False
Suppose 0 = n + 2*q - 1052615, 5*n = 5*q - 1417766 + 6680811. Is n a composite number?
True
Let q(f) = 1013*f**2 + 78*f - 427. Is q(6) composite?
True
Suppose -12*i + 63*i - 3643579 = 2906555. Is i composite?
True
Suppose -4*v + s + 4*s = 8, 4*v + 48 = -5*s. Let c(k) = -181*k + 52. Is c(v) a composite number?
False
Let d = -3139 + 9762. Let q(t) = -t**2 - 5*t - 3. Let u be q(-3). Suppose -u*f + d = m, 2*f - 2*m = -0*m + 4426. Is f composite?
True
Let n = 24814 + 223045. Is n a composite number?
True
Suppose 51 = 9*w + 33. Suppose 6 = -w*f, 0 = b + 5*f - 292 - 630. Is b composite?
False
Let s(z) be the first derivative of 15*z**4/4 - 4*z**3/3 - 4*z**2 - 8*z - 9. Is s(11) prime?
False
Is ((-4116)/(-2744))/(2/(-6) - 226363/(-679062)) composite?
False
Let j(g) = -21*g + 5. Let c be (-42)/(-4)*(0 + -2). Let o(s) = -s - 23. Let t be o(c). Is j(t) prime?
True
Suppose -23 = 4*f - p, -6*f = -4*f - p + 9. Let y(l) be the first derivative of 25*l**3/3 - 2*l**2 - 24*l + 12. Is y(f) composite?
False
Suppose 2*c - 240288 = 100*x - 102*x, 3*c = -2*x + 240283. Is x a composite number?
True
Let y = -7707 + 19844. Suppose 2 = h, 10176 + y = 3*u + 4*h. Is u composite?
True
Suppose -213418 = -4*u + 5*k, -8*u + 4*u + 2*k = -213424. Is u prime?
False
Let i = 487547 - 246520. Is i a composite number?
False
Let m be (1 + -7)/(6/9*-1). Let s = 11 - m. Suppose j - 3*p = -4*j + 922, -s*j = -p - 369. Is j composite?
True
Suppose 3*l - 5*f = 340468, 18*f = 4*l + 14*f - 453976. Is l prime?
True
Suppose 0 = 3*w + p - 2746, 2*w + 5*p = 2161 - 313. Suppose 2*m - 44 - w = 0. Is m a composite number?
False
Is 0/((-20)/(-4)) + 2 - (-7507605)/7 a composite number?
False
Suppose -3*g + 0*g + 4*o = 0, -2*o + 6 = 0. Suppose -g*u = 2*h - 1282, 5*u + 334 = h - 286. Is h a prime number?
False
Let s = -271 + 304. Is (-3)/s + (-402256)/(-88) composite?
True
Let g(k) = -2*k**3 + 4*k**2 - 9*k + 22. Let a(c) = c - 3. Let r be a(-4). Is g(r) composite?
False
Let c = 382 - 491. Let a = c - -360. Is a composite?
False
Let f(t) = 64*t**2 - 40*t + 503. Is f(17) a composite number?
True
Is (210148 - 1)*(2/6)/(14 + -13) a prime number?
False
Let q(k) = -2585*k + 5. Let n(j) = j. Let y(r) = -n(r) - q(r). Let x be (-1)/(-2) + (-55)/(-110). Is y(x) prime?
True
Let i(z) = 107*z**2 + 20*z + 3. Let o be i(6). Let u = -2 + 7. Suppose -u*b = 5*s - o, 0 = 3*b - b + s - 1594. Is b prime?
False
Let k(g) = 88*g**2 + 7*g - 1. Let y be k(3). Suppose 0 = -42*a + 46*a - y. Let w = 440 - a. Is w a prime number?
False
Suppose 3*o - 9*o = -138. Let q be o/5 + 38/95. Suppose -2*g - q*y = 2*g - 889, -3*g - 5*y = -668. Is g prime?
False
Suppose v + 3*n = 123347, -2*n = 38*v - 36*v - 246686. Is v a composite number?
False
Let i be (-1)/(-4) + 2 + (-6125)/(-28). Let v = i + 78. Is v composite?
True
Suppose 0*l - 5*k = 4*l + 159, 93 = -3*l + 5*k. Let g = l + 40. Suppose 0 = -5*n - 3*t + 139 + 11, -5*n + g*t + 185 = 0. Is n a prime number?
False
Let w = -73700 + 123823. Suppose a = -4, 0*r + w = r - 3*a. Is r prime?
True
Let t(w) = w**3 + 15*w**2 + 12*w - 24. Let m be t(-14). Suppose -3*v + 8796 = -a, m*a - 5 = 7. Is v a prime number?
False
Let t(l) = 22*l**2 + 5*l - 2. Let b(i) = -2 - 8*i + 1 + 6*i + 3*i. Let x(q) = b(q) + t(q). Is x(-8) a composite number?
True
Suppose -3*f = -g + 87266, 436428 = -252*g + 257*g - f. Is g composite?
True
Let g(y) = 5*y**3 + 3*y - 8. Let i be g(0). Is i/(-2) + (9 - 2) + 9116 composite?
False
Let w = 54 + -44. Suppose 4*h = 2*b - w, h + h + 5*b - 25 = 0. Suppose h = 5*c + 5*t - 160, -5*c + 5*t = t - 205. Is c composite?
False
Suppose -95*g + 1269330 - 805765 = -2504045. Is g a prime number?
False
Let n = 5475446 + -3623493. Is n composite?
False
Let d = -147988 + 320448. Is (55/44)/(5/d) a composite number?
True
Let t(h) = -h**2 + 17*h - 26. Let d be t(15). Suppose -5*l - 2364 = -j, 9380 = -0*j + d*j - l. Suppose 0*w - 4*w = -j. Is w a prime number?
False
Is 2/(2/181047) + (-248)/31 a composite number?
False
Suppose 55*c - 3906 - 1704 = 0. Is -70553*((-12)/c + (-60)/68) a composite number?
True
Suppose 2*f - 193375 = -u, 9*u = 14*u - f - 966963. Is u composite?
True
Let y(a) = a**3 + a**2 - a + 2. Let m be y(0). Let x be (9/m)/(1 - 5/8). Suppose x = 3*s, 1558 - 5248 = -5*p - 5*s. Is p a composite number?
True
Let r(n) = 65*n**2 - 15*n - 975. Is r(44) a prime number?
False
Suppose -2*c - 5595 = -0*c + 5*n, 5*n = 5. Suppose -20 = 5*a, -2*a + 0*a = 5*y - 31447. Let z = c + y. Is z prime?
True
Let f(i) = i**3 + 9*i**2 + 6*i + 16. Let b be f(-8). Suppose -7*x = -4 + b. Is 1515 - (x - -6) - 0/2 prime?
False
Let v(w) = 2*w. Let j(y) = -556*y + 27. Let u(x) = j(x) - 2*v(x). Is u(-2) prime?
False
Suppose 3*n = -4*b + 2 + 13, -4*b - n + 21 = 0. Suppose 10 = -5*r, -42908 = -4*a - b*r + 2*r. Is a prime?
True
Let t be (-2613)/27 - (60/27 + -2). Let p = -67 - t. Is p/(-6) + 3439 + -1 a prime number?
True
Let k(t) = -t**3 + 12*t**2 - 10*t - 4. Let u be k(11). Let l(p) be the second derivative of 7*p**4/4 - 5*p**3/3 + 17*p**2 - 50*p. Is l(u) prime?
False
Let g = 1921276 - 516189. Is g a composite number?
False
Let s be (1 - 1/3)/(1/6). Let g(f) = -f**2 + 2*f + 6. Let c be g(s). Is c/(-5) - 924/(-15) a composite number?
True
Let l(h) = 309*h**3 + 5*h**2 + 2*h - 5. Suppose 0 = 489*t - 491*t + 4. Is l(t) a composite number?
True
Let w(t) = 623*t + 3055. Is w(8) a prime number?
True
Let s(l) = 4717*l**2 - 6*l + 7. Let q be (-187)/(-44) + (-3)/(48/4). Is s(q) a composite number?
True
Suppose -22 = -13*y - 9. Let v be (1 + y)/((-38)/(-8493)). Suppose 0 = n + 2*n - v. Is n a prime number?
True
Suppose -5*k = -20, -3*f = -9*k + 4*k + 3959. Let t = f + 3550. Is t composite?
False
Let y(d) = d**3 + 17*d**2 - 18*d - 15. Let s be y(-18). Let k = -1 - s. Let j(t) = -t**2 + 23*t - 15. Is j(k) composite?
True
Let f = -10 + 8. Let x be 486/(3 - 1) - f. Is (-1)/(4 + (-985)/x) a prime number?
False
Let i be (1 + (-5)/5)/(1 - 2). Let j = -4983 - -18955. Suppose 0 = -i*u + 4*u - j. Is u a composite number?
True
Suppose 0 = -11*d + 6*d + 6615. Let s = d + 2612. Let k = s - 2784. Is k a prime number?
True
Suppose 5*j - 12*j + 5180 = 0. Suppose -j = -z - 4*l - 7127, 3*z = l - 19174. Let k = z + 9162. Is k a prime number?
False
Let i(k) = -5284*k**3 - 8*k**2 - 52*k - 55. Is i(-3) composite?
False
Suppose -2105*c = -2104*c - 744617. Is c composite?
True
Let h(x) = -241*x + 4. Let s be h(8). Suppose 3*l + 9840 + 1317 = 3*z, 0 = -4*z + 2*l + 14876. Let m = z + s. Is m a prime number?
False
Suppose 0 = -5*s - 3*y + 35, 5*s + 10*y - 55 = 11*y. Let o(x) = 1861*x - 93. Is o(s) a prime number?
True
Suppose 1554*s = 1556*s + 50. Is -17*5/s*685 a prime number?
False
Suppose 0 = -61*p + 66*p + 5. Let w(x) = -4*x**2 - 3*x - 2. Let y be w(p). Is ((1037 - -2)/(-1))/(y + 2) a prime number?
True
Let g(p) = 4*p**3 + 25*p**2 - 53*p - 41. Let c(k) = -5*k**3 - 25*k**2 + 53*k + 41. Let d(m) = -5*c(m) - 6*g(m). Is d(24) prime?
False
Let c(a) = -1961*a**2 + 23*a - 10. Let g be c(4). Let n = 44081 + g. Is n composite?
True
Suppose 0 = -5*r + 45, -3*s = -4*r - 387156 - 55857. Is s prime?
False
Let n = 20 + -40. Let q be (-16)/(-10) + ((-8)/n)/1. Suppose -3*c = -2*j + 1250, -c - 1889 = -q*j - j. Is j prime?
True
Suppose -10*h = 6*h. Suppose h = 2*m - 7*m + 5*l + 44215, -5*l - 26537 = -3*m. Is m a composite number?
False
Let n(r) = -6680*r + 15. Let l(a) = -1. Let z(g) = 15*l(g) + n(g). Let b be z(-1). Suppose -4*x + 2*w + b = 0, w = -2*x + 5460 - 2116. Is x composite?
True
Suppose 